emainder when 141 is divided by d?
61
Suppose 5*d - 80 = -5*t, -57 = -4*d + 5*t - 2*t. Calculate the remainder when 64 is divided by d.
4
Let a(p) = -1111*p - 6237. Let s(v) = 3*v**2 - 7*v + 4. Calculate the remainder when a(-6) is divided by s(4).
21
Let a = 19165 - 19120. What is the remainder when 1084 is divided by a?
4
Let a = -3042 + 3722. What is the remainder when a is divided by 30?
20
Suppose 24*t - 7689 - 4431 = 0. Calculate the remainder when t is divided by 86.
75
Suppose 2*m + 352 = 4*k, 2 = -5*m + 4*m. Suppose -2*z - 13 + 457 = 0. Suppose 5*f + x = z, -60 = -f - 2*x + 7*x. Calculate the remainder when k is divided by f.
42
Suppose -58*c + 4883 = 3*d - 59*c, 2*d - 4*c - 3252 = 0. What is the remainder when d is divided by 16?
12
Let q = -279 - -199. What is the remainder when ((-72)/(-30))/((-3)/q) is divided by 19?
7
Let o(a) = -a + 4. Let w be 4/(-8) + 275/(-10). Suppose 5*k + 281 = 3*t, 0 = -3*t - 0*k + k + 277. What is the remainder when t is divided by o(w)?
28
Suppose 32 - 276 = 4*t. Let o = 82 + t. Calculate the remainder when o is divided by 7.
0
What is the remainder when (14/(-21))/((-18)/10449) is divided by 31?
15
Calculate the remainder when 1727 is divided by (((-144)/(-15))/((-182)/(-130)))/(6/21).
23
Let l = 13318 + -13161. What is the remainder when 288 is divided by l?
131
Suppose -3147 = -22*k + 74*k - 46203. What is the remainder when k is divided by 165?
3
Let m(d) = 25*d**2 + 10*d + 7. Let n be m(-3). Let q = 217 - n. Calculate the remainder when 261/3*(-2)/(-6) is divided by q.
14
Suppose 2*y - 5*i - 15 = 11, y - 2*i - 11 = 0. Suppose 135 = 4*m - w, -y*m + 6*m - 103 = -w. Calculate the remainder when m is divided by 3.
1
Suppose -336 = -1735*i + 1721*i. Calculate the remainder when 6142 is divided by i.
22
Let o = -832 - -1090. Let g = -249 + o. What is the remainder when 2*(-2)/(8/(-30)) is divided by g?
6
Let t(p) = -5*p - 5. Let q be t(0). Let j(d) = d**2 - 18*d - 2. Let z be j(18). What is the remainder when 70 is divided by (0 - (-25)/q)*10/z?
20
Suppose -5*b = -2 - 8. Suppose -b*u + 3*s - 8*s = -12, -2*u + 12 = -3*s. Calculate the remainder when -12*4/18*-3 is divided by u.
2
Let o(r) = -r**2 + 12*r - 11. Suppose -5*p + 3*p + 338 = 0. Calculate the remainder when p is divided by o(6).
19
Calculate the remainder when (46 - 1806)*(2 + (-6)/(6 - 4)) is divided by 357.
332
Let v(i) = -20*i + 1227. What is the remainder when v(10) is divided by 172?
167
Let z = -187 - -601. What is the remainder when 0 + 1 - (z/9)/(-2) is divided by 5?
4
Suppose -4*s + 3*c = 20, 2*s - c + 0*c + 10 = 0. Suppose 5*o - 5*t = 585, 8*t - 330 = -3*o + 4*t. What is the remainder when o is divided by (2 - (6 + s)) + 28?
27
Let p = -70 - -70. What is the remainder when 47 is divided by (p + 5 - -17) + -6?
15
Let m(g) = -42*g**3 + g**2 - 2*g + 12. Let f be m(2). Calculate the remainder when 32 is divided by f/(-90)*(-20)/(-6).
8
Let l be (-26)/(-4) - (-18)/(-12). Suppose 0 = 2*c + l*t - 26, 2*t = 3*c + 21 - 98. Calculate the remainder when 133 is divided by c.
18
Let s be ((-148)/(-10))/(((-4)/10)/(-1)). Suppose -3*c - s = -2*f, -4*c - 2 + 66 = 3*f. What is the remainder when 138 is divided by f?
18
Let i = -9858 + 9980. Calculate the remainder when 420 is divided by i.
54
Suppose 160 = 6*r - 668. Let p = r + -117. What is the remainder when 38 is divided by p?
17
Let z = -3995 - -4350. Calculate the remainder when 1077 is divided by z.
12
Suppose 0 = -4*v - 27*v + 7967. Let q(p) = 19*p**2 - 3*p - 5. Calculate the remainder when v is divided by q(2).
62
Let w be (2/3)/((-2)/(-222)). Suppose a - 70 = c, 3*a = 13*c - 20*c - 510. Let h = c + w. Calculate the remainder when 3 is divided by h.
1
Let u = 1386 - 878. What is the remainder when u is divided by 126003/1746 - 10/(-12)?
70
Let i(s) be the second derivative of 2*s**4 - s**3/2 - s**2 + s. Suppose -x = 5*b - 0*x, -4*x + 20 = 0. What is the remainder when 98 is divided by i(b)?
23
Suppose -234*q = -3534 - 10740. What is the remainder when 9025 is divided by q?
58
Suppose 2*g - j + 2*j - 218 = 0, -4*j = 0. Let s = 212 - g. Calculate the remainder when s is divided by 13.
12
Suppose -4*n + 199 = 2*q - 99, -459 = -3*q - 3*n. Suppose -m = 3*d - 61, 0 = -3*d + 5 - 2. What is the remainder when q is divided by m?
41
Let g = 92 - 83. Let i = -2 + g. What is the remainder when 186 is divided by i?
4
Suppose 4*z + 4*h - 9 = -1, 5*h = -3*z. Suppose -7*d - 3*l = -5*d - 62, -z*l - 30 = -2*d. Calculate the remainder when d is divided by 14.
11
Suppose 157 = 4*i + p - 14, 0 = -2*i + p + 93. What is the remainder when 340 is divided by i?
32
Let m(v) = 10*v**2 - 118*v + 2. What is the remainder when 589 is divided by m(13)?
115
Suppose -127 = -3*y + 80. What is the remainder when y is divided by ((-537)/358)/(12/(-14) + 9/12)?
13
Let q(t) = -17*t - 545. Calculate the remainder when 380 is divided by q(-38).
77
Suppose 0 = 5*n - 20, 5*n = -4*b + 2*n - 2392. Let k = b + 615. Calculate the remainder when 104 is divided by k.
6
Suppose 0 = -4*d + 1535 - 431. Let p(t) = t + 25. What is the remainder when d is divided by p(-11)?
10
Calculate the remainder when 2188 is divided by (308 - 310) + (-2 - -18) + 2.
12
Let x = 92 + -52. What is the remainder when 590/8 - (8 + -3)/(-20) is divided by x?
34
Suppose 2*z + 998 = 1066. Suppose 36*k - z*k = 316. What is the remainder when k is divided by 55?
48
Let m = 42 + -13. Suppose m*i + 24 = 37*i. Suppose -i*s - 5*u + 30 = -2*u, s - u - 8 = 0. Calculate the remainder when 33 is divided by s.
6
Suppose -6*d - 20 = -10*d. Suppose -d*n + q - 43 = 0, 4*n - 5*q - 11 = -58. Calculate the remainder when 147 is divided by (-302)/n + (-3)/4.
36
Let b be 67326/245 - (-2)/10. Let o = b + -249. Calculate the remainder when 150 is divided by o.
20
Suppose -10*p - 9756 = -11706. Let j = -128 - -221. What is the remainder when p is divided by j?
9
Let i = -18 + 39. Let d(h) = h**2 - 40*h + 497. What is the remainder when d(34) is divided by i?
20
Let r(k) = -17*k**3 - 64*k**2 - 11*k - 63. Let s(p) = 46*p - 6. What is the remainder when s(4) is divided by r(-4)?
43
Let i = -8 + 16. Suppose 26*x = 70*x + 99*x - 23452. What is the remainder when x is divided by i?
4
Calculate the remainder when (7196/42)/(44/198) is divided by 196.
183
Let k = 51 + -47. Let t(x) = x**2 - 4. Let v be t(-7). Suppose 5*d - 2*d = -5*b + 114, d - v = -k*b. Calculate the remainder when d is divided by 9.
6
Let c = -5098 + 10904. Calculate the remainder when c is divided by 44.
42
Let b = -23664 + 23675. What is the remainder when 468/20 - 2/5 is divided by b?
1
Let b = -1319 - -1371. Suppose -3*f = -f + 5*m - 270, -5*m - 745 = -5*f. Calculate the remainder when f is divided by b.
41
Suppose 1057 = -41*p + 192*p. What is the remainder when 113 is divided by p?
1
Suppose 202*r - 161*r - 3895 = 0. What is the remainder when 2562 is divided by r?
92
Let k be (1 - (-71)/(-5))/((-6)/20). Suppose -3*p + 77 + k = c, 2*p + 3*c - 76 = 0. What is the remainder when 162 is divided by p?
39
Let s(t) = t**3 - 13*t**2 + 38*t - 11. Let v be s(9). Let x be -36*((-54)/(-4))/(-3). Suppose v*m - x = -2*m. Calculate the remainder when 71 is divided by m.
17
What is the remainder when (1/(-4))/((-102)/52632) is divided by 100?
29
Let c(j) = j**3 - 23*j**2 - 28*j + 22. Let z be c(25). Let a = -308 + z. What is the remainder when a is divided by 53?
52
Let y be (-3)/(-15) + 64/(-20) + 232. Let w = -126 + y. Suppose 4*s + 5*u - 27 - 87 = 0, 2*u - 30 = -s. What is the remainder when w is divided by s?
25
Suppose 538*k + 780 = 551*k. What is the remainder when 4199 is divided by k?
59
Suppose 2*c - 1287 = -3*h, -4*c - 3*h + 3240 = c. Let x = c + -472. Calculate the remainder when x is divided by 12.
11
What is the remainder when 433 is divided by (-114)/(-36)*-4*((-3)/(-2) - 3)?
15
Let q be (1 + 3 - 1) + -6 + 3. Suppose q = 37*f - 43*f + 138. Calculate the remainder when 125 is divided by f.
10
Let u = -7 - -19. Let v(o) = o**3 - 11*o**2 - 10*o - 22. Let c be v(u). Calculate the remainder when 68 is divided by 6/27 - (c - 424/36).
8
Suppose 4*c = 3*y - 537, -c + 341 = 2*y + 2*c. What is the remainder when y + 14/(-2) - (-4)/(-2) is divided by 12?
10
Let z = 2666 - 2651. Calculate the remainder when 5219 is divided by z.
